{"id":92,"date":"2012-12-20T09:45:37","date_gmt":"2012-12-20T08:45:37","guid":{"rendered":"http:\/\/www.sjanocpi.fr\/burkina\/?page_id=92"},"modified":"2013-01-08T09:32:49","modified_gmt":"2013-01-08T08:32:49","slug":"animaux-et-paysages","status":"publish","type":"page","link":"https:\/\/www.sjanocpi.fr\/burkina\/?page_id=92","title":{"rendered":"Animaux et paysages"},"content":{"rendered":"<p>Des animaux de toute sorte, sauvages, domestiques, en libert\u00e9, attach\u00e9s&#8230;<\/p>\n<div id=\"attachment_93\" style=\"width: 594px\" class=\"wp-caption alignnone\"><a href=\"https:\/\/www.sjanocpi.fr\/burkina\/wp-content\/uploads\/2012\/12\/IMG_0369.jpg\"><img aria-describedby=\"caption-attachment-93\" decoding=\"async\" loading=\"lazy\" class=\"size-large wp-image-93\" title=\"Vache et veau sur la route part1\" src=\"https:\/\/www.sjanocpi.fr\/burkina\/wp-content\/uploads\/2012\/12\/IMG_0369-1024x768.jpg\" alt=\"Vache et veau sur la route part1\" width=\"584\" height=\"438\" srcset=\"https:\/\/www.sjanocpi.fr\/burkina\/wp-content\/uploads\/2012\/12\/IMG_0369-1024x768.jpg 1024w, https:\/\/www.sjanocpi.fr\/burkina\/wp-content\/uploads\/2012\/12\/IMG_0369-300x225.jpg 300w, https:\/\/www.sjanocpi.fr\/burkina\/wp-content\/uploads\/2012\/12\/IMG_0369-400x300.jpg 400w\" sizes=\"(max-width: 584px) 100vw, 584px\" \/><\/a><p id=\"caption-attachment-93\" class=\"wp-caption-text\">Vache et veau sur la route au loin<\/p><\/div>\n<div id=\"attachment_94\" style=\"width: 594px\" class=\"wp-caption alignnone\"><a href=\"https:\/\/www.sjanocpi.fr\/burkina\/wp-content\/uploads\/2012\/12\/IMG_0370.jpg\"><img aria-describedby=\"caption-attachment-94\" decoding=\"async\" loading=\"lazy\" class=\"size-large wp-image-94\" title=\"Vache et veau sur la route\" src=\"https:\/\/www.sjanocpi.fr\/burkina\/wp-content\/uploads\/2012\/12\/IMG_0370-1024x768.jpg\" alt=\"Vache et veau sur la route\" width=\"584\" height=\"438\" srcset=\"https:\/\/www.sjanocpi.fr\/burkina\/wp-content\/uploads\/2012\/12\/IMG_0370-1024x768.jpg 1024w, https:\/\/www.sjanocpi.fr\/burkina\/wp-content\/uploads\/2012\/12\/IMG_0370-300x225.jpg 300w, https:\/\/www.sjanocpi.fr\/burkina\/wp-content\/uploads\/2012\/12\/IMG_0370-400x300.jpg 400w\" sizes=\"(max-width: 584px) 100vw, 584px\" \/><\/a><p id=\"caption-attachment-94\" class=\"wp-caption-text\">Vache et veau sur la route ne bougent pas quand la voiture arrive<\/p><\/div>\n<div id=\"attachment_95\" style=\"width: 594px\" class=\"wp-caption alignnone\"><a href=\"https:\/\/www.sjanocpi.fr\/burkina\/wp-content\/uploads\/2012\/12\/IMG_0160.jpg\"><img aria-describedby=\"caption-attachment-95\" decoding=\"async\" loading=\"lazy\" class=\"size-large wp-image-95\" title=\"cochon domestique dans un champ\" src=\"https:\/\/www.sjanocpi.fr\/burkina\/wp-content\/uploads\/2012\/12\/IMG_0160-1024x768.jpg\" alt=\"cochon domestique dans un champ\" width=\"584\" height=\"438\" srcset=\"https:\/\/www.sjanocpi.fr\/burkina\/wp-content\/uploads\/2012\/12\/IMG_0160-1024x768.jpg 1024w, https:\/\/www.sjanocpi.fr\/burkina\/wp-content\/uploads\/2012\/12\/IMG_0160-300x225.jpg 300w, https:\/\/www.sjanocpi.fr\/burkina\/wp-content\/uploads\/2012\/12\/IMG_0160-400x300.jpg 400w, https:\/\/www.sjanocpi.fr\/burkina\/wp-content\/uploads\/2012\/12\/IMG_0160.jpg 1632w\" sizes=\"(max-width: 584px) 100vw, 584px\" \/><\/a><p id=\"caption-attachment-95\" class=\"wp-caption-text\">cochon domestique dans un champ<\/p><\/div>\n<div id=\"attachment_96\" style=\"width: 594px\" class=\"wp-caption alignnone\"><a href=\"https:\/\/www.sjanocpi.fr\/burkina\/wp-content\/uploads\/2012\/12\/IMG_0212.jpg\"><img aria-describedby=\"caption-attachment-96\" decoding=\"async\" loading=\"lazy\" class=\"size-large wp-image-96\" title=\"Petits oiseaux rouges dans la cour\" src=\"https:\/\/www.sjanocpi.fr\/burkina\/wp-content\/uploads\/2012\/12\/IMG_0212-1024x768.jpg\" alt=\"Petits oiseaux rouges dans la cour\" width=\"584\" height=\"438\" srcset=\"https:\/\/www.sjanocpi.fr\/burkina\/wp-content\/uploads\/2012\/12\/IMG_0212-1024x768.jpg 1024w, https:\/\/www.sjanocpi.fr\/burkina\/wp-content\/uploads\/2012\/12\/IMG_0212-300x225.jpg 300w, https:\/\/www.sjanocpi.fr\/burkina\/wp-content\/uploads\/2012\/12\/IMG_0212-400x300.jpg 400w, https:\/\/www.sjanocpi.fr\/burkina\/wp-content\/uploads\/2012\/12\/IMG_0212.jpg 1632w\" sizes=\"(max-width: 584px) 100vw, 584px\" \/><\/a><p id=\"caption-attachment-96\" class=\"wp-caption-text\">Petits oiseaux rouges dans la cour<\/p><\/div>\n<div id=\"attachment_97\" style=\"width: 594px\" class=\"wp-caption alignnone\"><a href=\"https:\/\/www.sjanocpi.fr\/burkina\/wp-content\/uploads\/2012\/12\/IMG_0050.jpg\"><img aria-describedby=\"caption-attachment-97\" decoding=\"async\" loading=\"lazy\" class=\"size-large wp-image-97\" title=\"Poule et ses poussins dans la cour, les poussins ont grandi depuis, je vais devoir refaire une photo\" src=\"https:\/\/www.sjanocpi.fr\/burkina\/wp-content\/uploads\/2012\/12\/IMG_0050-1024x768.jpg\" alt=\"Poule et ses poussins dans la cour, les poussins ont grandi depuis, je vais devoir refaire une photo\" width=\"584\" height=\"438\" srcset=\"https:\/\/www.sjanocpi.fr\/burkina\/wp-content\/uploads\/2012\/12\/IMG_0050-1024x768.jpg 1024w, https:\/\/www.sjanocpi.fr\/burkina\/wp-content\/uploads\/2012\/12\/IMG_0050-300x225.jpg 300w, https:\/\/www.sjanocpi.fr\/burkina\/wp-content\/uploads\/2012\/12\/IMG_0050-400x300.jpg 400w, https:\/\/www.sjanocpi.fr\/burkina\/wp-content\/uploads\/2012\/12\/IMG_0050.jpg 1632w\" sizes=\"(max-width: 584px) 100vw, 584px\" \/><\/a><p id=\"caption-attachment-97\" class=\"wp-caption-text\">Poule et ses poussins dans la cour, les poussins ont grandi depuis, je vais devoir refaire une photo<\/p><\/div>\n<div id=\"attachment_98\" style=\"width: 594px\" class=\"wp-caption alignnone\"><a href=\"https:\/\/www.sjanocpi.fr\/burkina\/wp-content\/uploads\/2012\/12\/IMG_0575.jpg\"><img aria-describedby=\"caption-attachment-98\" decoding=\"async\" loading=\"lazy\" class=\"size-large wp-image-98\" title=\"Un des nombreux l\u00e9zards qui courent sur les murs et sur le sol\" src=\"https:\/\/www.sjanocpi.fr\/burkina\/wp-content\/uploads\/2012\/12\/IMG_0575-1024x768.jpg\" alt=\"Un des nombreux l\u00e9zards qui courent sur les murs et sur le sol\" width=\"584\" height=\"438\" srcset=\"https:\/\/www.sjanocpi.fr\/burkina\/wp-content\/uploads\/2012\/12\/IMG_0575-1024x768.jpg 1024w, https:\/\/www.sjanocpi.fr\/burkina\/wp-content\/uploads\/2012\/12\/IMG_0575-300x225.jpg 300w, https:\/\/www.sjanocpi.fr\/burkina\/wp-content\/uploads\/2012\/12\/IMG_0575-400x300.jpg 400w, https:\/\/www.sjanocpi.fr\/burkina\/wp-content\/uploads\/2012\/12\/IMG_0575.jpg 1632w\" sizes=\"(max-width: 584px) 100vw, 584px\" \/><\/a><p id=\"caption-attachment-98\" class=\"wp-caption-text\">Un des nombreux geckos qui courent sur les murs et sur le sol<\/p><\/div>\n<div id=\"attachment_99\" style=\"width: 594px\" class=\"wp-caption alignnone\"><a href=\"https:\/\/www.sjanocpi.fr\/burkina\/wp-content\/uploads\/2012\/12\/IMG_0572.jpg\"><img aria-describedby=\"caption-attachment-99\" decoding=\"async\" loading=\"lazy\" class=\"size-large wp-image-99\" title=\"Une tourterelle africaine dans la cour\" src=\"https:\/\/www.sjanocpi.fr\/burkina\/wp-content\/uploads\/2012\/12\/IMG_0572-1024x768.jpg\" alt=\"Une tourterelle africaine dans la cour\" width=\"584\" height=\"438\" srcset=\"https:\/\/www.sjanocpi.fr\/burkina\/wp-content\/uploads\/2012\/12\/IMG_0572-1024x768.jpg 1024w, https:\/\/www.sjanocpi.fr\/burkina\/wp-content\/uploads\/2012\/12\/IMG_0572-300x225.jpg 300w, https:\/\/www.sjanocpi.fr\/burkina\/wp-content\/uploads\/2012\/12\/IMG_0572-400x300.jpg 400w, https:\/\/www.sjanocpi.fr\/burkina\/wp-content\/uploads\/2012\/12\/IMG_0572.jpg 1632w\" sizes=\"(max-width: 584px) 100vw, 584px\" \/><\/a><p id=\"caption-attachment-99\" class=\"wp-caption-text\">Une tourterelle africaine dans la cour, elles sont plus petites que celles que l&rsquo;on voit en Europe.<\/p><\/div>\n<div id=\"attachment_100\" style=\"width: 594px\" class=\"wp-caption alignnone\"><a href=\"https:\/\/www.sjanocpi.fr\/burkina\/wp-content\/uploads\/2012\/12\/IMG_0541.jpg\"><img aria-describedby=\"caption-attachment-100\" decoding=\"async\" loading=\"lazy\" class=\"size-large wp-image-100\" title=\"Les jeunes boucs se battent dans la cour\" src=\"https:\/\/www.sjanocpi.fr\/burkina\/wp-content\/uploads\/2012\/12\/IMG_0541-1024x768.jpg\" alt=\"Les jeunes boucs se battent dans la cour\" width=\"584\" height=\"438\" srcset=\"https:\/\/www.sjanocpi.fr\/burkina\/wp-content\/uploads\/2012\/12\/IMG_0541-1024x768.jpg 1024w, https:\/\/www.sjanocpi.fr\/burkina\/wp-content\/uploads\/2012\/12\/IMG_0541-300x225.jpg 300w, https:\/\/www.sjanocpi.fr\/burkina\/wp-content\/uploads\/2012\/12\/IMG_0541-400x300.jpg 400w\" sizes=\"(max-width: 584px) 100vw, 584px\" \/><\/a><p id=\"caption-attachment-100\" class=\"wp-caption-text\">Les jeunes boucs se battent dans la cour, leur destin est de servir de repas pour le premier, comme on appelle ici le nouvel an<\/p><\/div>\n<div id=\"attachment_101\" style=\"width: 594px\" class=\"wp-caption alignnone\"><a href=\"https:\/\/www.sjanocpi.fr\/burkina\/wp-content\/uploads\/2012\/12\/IMG_0542.jpg\"><img aria-describedby=\"caption-attachment-101\" decoding=\"async\" loading=\"lazy\" class=\"size-large wp-image-101\" title=\"Les jeunes boucs se battent dans la cour\" src=\"https:\/\/www.sjanocpi.fr\/burkina\/wp-content\/uploads\/2012\/12\/IMG_0542-1024x768.jpg\" alt=\"Les jeunes boucs se battent dans la cour\" width=\"584\" height=\"438\" srcset=\"https:\/\/www.sjanocpi.fr\/burkina\/wp-content\/uploads\/2012\/12\/IMG_0542-1024x768.jpg 1024w, https:\/\/www.sjanocpi.fr\/burkina\/wp-content\/uploads\/2012\/12\/IMG_0542-300x225.jpg 300w, https:\/\/www.sjanocpi.fr\/burkina\/wp-content\/uploads\/2012\/12\/IMG_0542-400x300.jpg 400w\" sizes=\"(max-width: 584px) 100vw, 584px\" \/><\/a><p id=\"caption-attachment-101\" class=\"wp-caption-text\">Les jeunes boucs se battent dans la cour<\/p><\/div>\n<div id=\"attachment_102\" style=\"width: 594px\" class=\"wp-caption alignnone\"><a href=\"https:\/\/www.sjanocpi.fr\/burkina\/wp-content\/uploads\/2012\/12\/IMG_0222.jpg\"><img aria-describedby=\"caption-attachment-102\" decoding=\"async\" loading=\"lazy\" class=\"size-large wp-image-102\" title=\"Oiseau de m\u00e9tal et linge qui s\u00e8che\" src=\"https:\/\/www.sjanocpi.fr\/burkina\/wp-content\/uploads\/2012\/12\/IMG_0222-1024x768.jpg\" alt=\"Oiseau de m\u00e9tal et linge qui s\u00e8che\" width=\"584\" height=\"438\" srcset=\"https:\/\/www.sjanocpi.fr\/burkina\/wp-content\/uploads\/2012\/12\/IMG_0222-1024x768.jpg 1024w, https:\/\/www.sjanocpi.fr\/burkina\/wp-content\/uploads\/2012\/12\/IMG_0222-300x225.jpg 300w, https:\/\/www.sjanocpi.fr\/burkina\/wp-content\/uploads\/2012\/12\/IMG_0222-400x300.jpg 400w, https:\/\/www.sjanocpi.fr\/burkina\/wp-content\/uploads\/2012\/12\/IMG_0222.jpg 1632w\" sizes=\"(max-width: 584px) 100vw, 584px\" \/><\/a><p id=\"caption-attachment-102\" class=\"wp-caption-text\">Oiseau de m\u00e9tal et linge qui s\u00e8che, l&rsquo;a\u00e9roport n&rsquo;est situ\u00e9 qu&rsquo;\u00e0 3km de Ouaga et les avions passent pas loin de l\u00e0 ou j&rsquo;habite.<\/p><\/div>\n<div id=\"attachment_103\" style=\"width: 594px\" class=\"wp-caption alignnone\"><a href=\"https:\/\/www.sjanocpi.fr\/burkina\/wp-content\/uploads\/2012\/12\/IMG_0584.jpg\"><img aria-describedby=\"caption-attachment-103\" decoding=\"async\" loading=\"lazy\" class=\"size-large wp-image-103\" title=\"Ciel matinal \u00e0 Ouaga, quand le temps est nuageux\" src=\"https:\/\/www.sjanocpi.fr\/burkina\/wp-content\/uploads\/2012\/12\/IMG_0584-1024x768.jpg\" alt=\"Ciel matinal \u00e0 Ouaga, quand le temps est nuageux\" width=\"584\" height=\"438\" srcset=\"https:\/\/www.sjanocpi.fr\/burkina\/wp-content\/uploads\/2012\/12\/IMG_0584-1024x768.jpg 1024w, https:\/\/www.sjanocpi.fr\/burkina\/wp-content\/uploads\/2012\/12\/IMG_0584-300x225.jpg 300w, https:\/\/www.sjanocpi.fr\/burkina\/wp-content\/uploads\/2012\/12\/IMG_0584-400x300.jpg 400w, https:\/\/www.sjanocpi.fr\/burkina\/wp-content\/uploads\/2012\/12\/IMG_0584.jpg 1632w\" sizes=\"(max-width: 584px) 100vw, 584px\" \/><\/a><p id=\"caption-attachment-103\" class=\"wp-caption-text\">Ciel matinal \u00e0 Ouaga, quand le temps est nuageux, ici il fait beau parce qu&rsquo;il n&rsquo;y a pas de soleil<\/p><\/div>\n<div id=\"attachment_104\" style=\"width: 594px\" class=\"wp-caption alignnone\"><a href=\"https:\/\/www.sjanocpi.fr\/burkina\/wp-content\/uploads\/2012\/12\/IMG_0581.jpg\"><img aria-describedby=\"caption-attachment-104\" decoding=\"async\" loading=\"lazy\" class=\"size-large wp-image-104\" title=\"Le goudron\" src=\"https:\/\/www.sjanocpi.fr\/burkina\/wp-content\/uploads\/2012\/12\/IMG_0581-1024x768.jpg\" alt=\"Le goudron\" width=\"584\" height=\"438\" srcset=\"https:\/\/www.sjanocpi.fr\/burkina\/wp-content\/uploads\/2012\/12\/IMG_0581-1024x768.jpg 1024w, https:\/\/www.sjanocpi.fr\/burkina\/wp-content\/uploads\/2012\/12\/IMG_0581-300x225.jpg 300w, https:\/\/www.sjanocpi.fr\/burkina\/wp-content\/uploads\/2012\/12\/IMG_0581-400x300.jpg 400w, https:\/\/www.sjanocpi.fr\/burkina\/wp-content\/uploads\/2012\/12\/IMG_0581.jpg 1632w\" sizes=\"(max-width: 584px) 100vw, 584px\" \/><\/a><p id=\"caption-attachment-104\" class=\"wp-caption-text\">Le goudron, c&rsquo;est comme cela que l&rsquo;on nomme le grandes avenues goudronn\u00e9es au Faso, en contraste avec les 6 m\u00e8tres qui ne sont pas goudronn\u00e9s.<\/p><\/div>\n<div id=\"attachment_105\" style=\"width: 594px\" class=\"wp-caption alignnone\"><a href=\"https:\/\/www.sjanocpi.fr\/burkina\/wp-content\/uploads\/2012\/12\/IMG_0580.jpg\"><img aria-describedby=\"caption-attachment-105\" decoding=\"async\" loading=\"lazy\" class=\"size-large wp-image-105\" title=\"Et que serait l'Afrique sans ses m\u00e9decins mystiques?\" src=\"https:\/\/www.sjanocpi.fr\/burkina\/wp-content\/uploads\/2012\/12\/IMG_0580-1024x768.jpg\" alt=\"Et que serait l'Afrique sans ses m\u00e9decins mystiques?\" width=\"584\" height=\"438\" srcset=\"https:\/\/www.sjanocpi.fr\/burkina\/wp-content\/uploads\/2012\/12\/IMG_0580-1024x768.jpg 1024w, https:\/\/www.sjanocpi.fr\/burkina\/wp-content\/uploads\/2012\/12\/IMG_0580-300x225.jpg 300w, https:\/\/www.sjanocpi.fr\/burkina\/wp-content\/uploads\/2012\/12\/IMG_0580-400x300.jpg 400w, https:\/\/www.sjanocpi.fr\/burkina\/wp-content\/uploads\/2012\/12\/IMG_0580.jpg 1632w\" sizes=\"(max-width: 584px) 100vw, 584px\" \/><\/a><p id=\"caption-attachment-105\" class=\"wp-caption-text\">Et que serait l&rsquo;Afrique sans ses m\u00e9decins mystiques?<\/p><\/div>\n","protected":false},"excerpt":{"rendered":"<p>Des animaux de toute sorte, sauvages, domestiques, en libert\u00e9, attach\u00e9s&#8230;<\/p>\n","protected":false},"author":1,"featured_media":0,"parent":0,"menu_order":0,"comment_status":"closed","ping_status":"closed","template":"","meta":{"footnotes":""},"_links":{"self":[{"href":"https:\/\/www.sjanocpi.fr\/burkina\/index.php?rest_route=\/wp\/v2\/pages\/92"}],"collection":[{"href":"https:\/\/www.sjanocpi.fr\/burkina\/index.php?rest_route=\/wp\/v2\/pages"}],"about":[{"href":"https:\/\/www.sjanocpi.fr\/burkina\/index.php?rest_route=\/wp\/v2\/types\/page"}],"author":[{"embeddable":true,"href":"https:\/\/www.sjanocpi.fr\/burkina\/index.php?rest_route=\/wp\/v2\/users\/1"}],"replies":[{"embeddable":true,"href":"https:\/\/www.sjanocpi.fr\/burkina\/index.php?rest_route=%2Fwp%2Fv2%2Fcomments&post=92"}],"version-history":[{"count":3,"href":"https:\/\/www.sjanocpi.fr\/burkina\/index.php?rest_route=\/wp\/v2\/pages\/92\/revisions"}],"predecessor-version":[{"id":107,"href":"https:\/\/www.sjanocpi.fr\/burkina\/index.php?rest_route=\/wp\/v2\/pages\/92\/revisions\/107"}],"wp:attachment":[{"href":"https:\/\/www.sjanocpi.fr\/burkina\/index.php?rest_route=%2Fwp%2Fv2%2Fmedia&parent=92"}],"curies":[{"name":"wp","href":"https:\/\/api.w.org\/{rel}","templated":true}]}}