{"id":130,"date":"2012-12-27T10:13:08","date_gmt":"2012-12-27T09:13:08","guid":{"rendered":"http:\/\/www.sjanocpi.fr\/burkina\/?page_id=130"},"modified":"2012-12-27T10:14:32","modified_gmt":"2012-12-27T09:14:32","slug":"joyeux-noel-et-bonne-annee","status":"publish","type":"page","link":"https:\/\/www.sjanocpi.fr\/burkina\/?page_id=130","title":{"rendered":"Joyeux No\u00ebl et bonne ann\u00e9e"},"content":{"rendered":"<p><strong>Joyeux No\u00ebl et bonne ann\u00e9e 2013<\/strong><\/p>\n<div id=\"attachment_131\" style=\"width: 594px\" class=\"wp-caption alignnone\"><a href=\"https:\/\/www.sjanocpi.fr\/burkina\/wp-content\/uploads\/2012\/12\/IMG_0788.jpg\"><img aria-describedby=\"caption-attachment-131\" decoding=\"async\" loading=\"lazy\" class=\"size-large wp-image-131\" title=\"Meilleurs voeux\" src=\"https:\/\/www.sjanocpi.fr\/burkina\/wp-content\/uploads\/2012\/12\/IMG_0788-768x1024.jpg\" alt=\"Meilleurs voeux\" width=\"584\" height=\"778\" srcset=\"https:\/\/www.sjanocpi.fr\/burkina\/wp-content\/uploads\/2012\/12\/IMG_0788-768x1024.jpg 768w, https:\/\/www.sjanocpi.fr\/burkina\/wp-content\/uploads\/2012\/12\/IMG_0788-225x300.jpg 225w, https:\/\/www.sjanocpi.fr\/burkina\/wp-content\/uploads\/2012\/12\/IMG_0788.jpg 1224w\" sizes=\"(max-width: 584px) 100vw, 584px\" \/><\/a><p id=\"caption-attachment-131\" class=\"wp-caption-text\">Meilleurs voeux<\/p><\/div>\n<p>Cr\u00e8che traditionnelle du Burkina pour No\u00ebl.<\/p>\n","protected":false},"excerpt":{"rendered":"<p>Joyeux No\u00ebl et bonne ann\u00e9e 2013 Cr\u00e8che traditionnelle du Burkina pour No\u00ebl.<\/p>\n","protected":false},"author":1,"featured_media":0,"parent":0,"menu_order":0,"comment_status":"closed","ping_status":"closed","template":"","meta":{"footnotes":""},"_links":{"self":[{"href":"https:\/\/www.sjanocpi.fr\/burkina\/index.php?rest_route=\/wp\/v2\/pages\/130"}],"collection":[{"href":"https:\/\/www.sjanocpi.fr\/burkina\/index.php?rest_route=\/wp\/v2\/pages"}],"about":[{"href":"https:\/\/www.sjanocpi.fr\/burkina\/index.php?rest_route=\/wp\/v2\/types\/page"}],"author":[{"embeddable":true,"href":"https:\/\/www.sjanocpi.fr\/burkina\/index.php?rest_route=\/wp\/v2\/users\/1"}],"replies":[{"embeddable":true,"href":"https:\/\/www.sjanocpi.fr\/burkina\/index.php?rest_route=%2Fwp%2Fv2%2Fcomments&post=130"}],"version-history":[{"count":2,"href":"https:\/\/www.sjanocpi.fr\/burkina\/index.php?rest_route=\/wp\/v2\/pages\/130\/revisions"}],"predecessor-version":[{"id":133,"href":"https:\/\/www.sjanocpi.fr\/burkina\/index.php?rest_route=\/wp\/v2\/pages\/130\/revisions\/133"}],"wp:attachment":[{"href":"https:\/\/www.sjanocpi.fr\/burkina\/index.php?rest_route=%2Fwp%2Fv2%2Fmedia&parent=130"}],"curies":[{"name":"wp","href":"https:\/\/api.w.org\/{rel}","templated":true}]}}